31 - -43013?
43044
In base 4, what is -21000101 - -3?
-21000032
In base 16, what is 6b61a - -4?
6b61e
In base 2, what is 1110010 + 1011000011?
1100110101
In base 16, what is 6ea9 + -9?
6ea0
In base 3, what is -1102020021 - -10121?
-1102002200
In base 15, what is -3 - 79494?
-79497
In base 5, what is 42411 + -34?
42322
In base 12, what is 3b - -25959?
25998
In base 6, what is -311353 - 20?
-311413
In base 10, what is 3 + 436542?
436545
In base 15, what is -39693 + -5?
-39698
In base 7, what is 12110 - 5?
12102
In base 15, what is -4 - 66d4?
-66d8
In base 9, what is -6 - 641570?
-641576
In base 2, what is -11111000010 + 10000?
-11110110010
In base 3, what is 10112111 - -121221?
11011102
In base 13, what is 103 + 1232?
1335
In base 2, what is 10101010001 - 1001010?
10100000111
In base 5, what is 20103 + -31?
20022
In base 11, what is -295 - -3898?
3603
In base 9, what is 2 + -50108?
-50106
In base 8, what is 44 + -12412?
-12346
In base 9, what is -13 + -157728?
-157742
In base 2, what is -1110010 + -100000011110?
-100010010000
In base 10, what is 68 - -384?
452
In base 9, what is 115010 - 1?
115008
In base 16, what is 1f + -14e0?
-14c1
In base 10, what is -2099 + 5?
-2094
In base 15, what is -6d1 + -72e?
-e10
In base 15, what is 29da - 1c?
29bd
In base 10, what is -58 - -9220?
9162
In base 6, what is -11 + 12052?
12041
In base 13, what is 1855 + -142?
1713
In base 14, what is -152b3 - 4?
-152b7
In base 11, what is -5950 - -109?
-5842
In base 9, what is 5654 + 213?
5867
In base 10, what is 1392 + -21?
1371
In base 4, what is -113020 + 21332?
-31022
In base 11, what is -7a96 + -129?
-8114
In base 11, what is 789 - 22a?
55a
In base 4, what is -1333133 - 21?
-1333220
In base 4, what is 3221001 + -1113?
3213222
In base 13, what is -708 + -66?
-771
In base 2, what is -101 + 11010010101111111?
11010010101111010
In base 5, what is 1322333314 + 2?
1322333321
In base 15, what is 12 - -c377?
c389
In base 13, what is -69 + -b2?
-14b
In base 12, what is -5 + 16b25?
16b20
In base 4, what is -1101313 + 10200?
-1031113
In base 12, what is -7222 + 13?
-720b
In base 5, what is 23 + -2044?
-2021
In base 10, what is 2897 + 5?
2902
In base 7, what is -1362 - 1316?
-3011
In base 8, what is -4 - -4526507?
4526503
In base 3, what is 112101022102 - -12?
112101022121
In base 7, what is 40 - 4336?
-4266
In base 6, what is -4 + 1414522?
1414514
In base 11, what is -177232 + -a?
-177241
In base 12, what is -4 + -47a5?
-47a9
In base 14, what is 5bcd13 + -5?
5bcd0c
In base 6, what is -53512002 - 1?
-53512003
In base 3, what is 11 - 1020110112?
-1020110101
In base 10, what is 167 + -320?
-153
In base 7, what is -2022120 + -3?
-2022123
In base 7, what is 211 - 230?
-16
In base 3, what is 2 - 10120122122?
-10120122120
In base 16, what is -111b - -75?
-10a6
In base 2, what is -10100010010001 - -1000001010?
-10011010000111
In base 2, what is -101 - -10010010100101011000?
10010010100101010011
In base 9, what is 1 - -5331?
5332
In base 7, what is 5 + 3064551?
3064556
In base 16, what is ae84 + 9?
ae8d
In base 12, what is 78a8 - -50?
7938
In base 12, what is -6386 + -220?
-65a6
In base 9, what is 3608853 + 0?
3608853
In base 6, what is -3 - 31110?
-31113
In base 10, what is 254 + -86?
168
In base 12, what is -2 + -75a2?
-75a4
In base 15, what is 16 + -18be0?
-18bc9
In base 7, what is 115 - 320624?
-320506
In base 4, what is -1 + 31220?
31213
In base 14, what is 3 - 19c?
-199
In base 4, what is 2102 + -11101?
-2333
In base 6, what is -14 + 150501?
150443
In base 7, what is -40004043 + 2?
-40004041
In base 10, what is 387 + -1180?
-793
In base 15, what is 28cb - -7?
28d3
In base 13, what is -12332 - 1?
-12333
In base 8, what is -331006 + -22?
-331030
In base 15, what is 4a - -18?
63
In base 12, what is -2a9b - 12?
-2ab1
In base 6, what is -54 - -1553121?
1553023
In base 10, what is -1044 - -425?
-619
In base 15, what is 36e22 - 8?
36e19
In base 13, what is 15 - 19?
-4
In base 7, what is -30430 - 30?
-30460
In base 15, what is c2 - -1914?
19d6
In base 13, what is 7 + -1095c?
-10955
In base 6, what is 2043033 + -2?
2043031
In base 15, what is bec8 + -2?
bec6
In base 11, what is 2a32 - 4a?
2993
In base 4, what is -202020200 + -2?
-202020202
In base 14, what is -6 - -27d80?
27d78
In base 14, what is 0 + 2c801?
2c801
In base 13, what is 3c + -9a8?
-969
In base 11, what is -1 + 7728?
7727
In base 3, what is 2012222 + -121?
2012101
In base 4, what is -11 - 331320212?
-331320223
In base 4, what is -10011330 - -22?
-10011302
In base 4, what is -3113 - 0?
-3113
In base 12, what is -15a9b - 8?
-15aa7
In base 13, what is -3b4bb + -3?
-3b4c1
In base 4, what is 1000 - 2010?
-1010
In base 15, what is 3e854 + 5?
3e859
In base 5, what is -4124114 + 13?
-4124101
In base 10, what is -12 - 5239?
-5251
In base 13, what is 4 - -a109?
a110
In base 5, what is 4210 + 1001?
10211
In base 15, what is a7e - -15a?
bd9
In base 10, what is 128 - -3130?
3258
In base 4, what is -13201331 - -11?
-13201320
In base 13, what is 13b + -75?
96
In base 7, what is 4336542 + 4?
4336546
In base 9, what is 241600 + -8?
241581
In base 6, what is 151 + -31220?
-31025
In base 14, what is 5 - -2667?
266c
In base 11, what is -3a00 - 10?
-3a10
In base 6, what is -1 + 35141544?
35141543
In base 3, what is -10 + -10202201?
-10202211
In base 14, what is -1563 - 6?
-1569
In base 9, what is -8 + 48211?
48202
In base 11, what is -23a3745 + -4?
-23a3749
In base 6, what is -15 + 1240424?
1240405
In base 12, what is 262a0 + -1?
2629b
In base 12, what is 8 - -12b2?
12ba
In base 4, what is 112 - 1331320?
-1331202
In base 12, what is 1831692 + -4?
183168a
In base 6, what is 50 + 21024?
21114
In base 4, what is -12 - 211201330?
-211202002
In base 3, what is 1 + 1020201021?
1020201022
In base 3, what is 1201221 + 1100?
1210021
In base 5, what is -12431312 - 13?
-12431330
In base 10, what is -3 + -6609?
-6612
In base 4, what is -313232 + -11?
-313303
In base 3, what is 1101 - 12212112?
-12211011
In base 2, what is 1000101011100 - -101?
1000101100001
In base 13, what is 1 - 98b?
-98a
In base 3, what is -1 - -11100202?
11100201
In base 2, what is -1110010001101110 + -100010?
-1110010010010000
In base 3, what is -12120 - -1002111?
212221
In base 10, what is -790 + 23?
-767
In base 7, what is 3250 + -24?
3223
In base 15, what is -23c - -5c1?
384
In base 15, what is -6 + -121a?
-1221
In base 12, what is 3 - -b109?
b110
In base 12, what is -1 - 3128?
-3129
In base 3, what is 1101221 + 1?
1101222
In base 6, what is 5 - 5412031?
-5412022
In base 14, what is 1 + 8?
9
In base 16, what is d961 - 3e?
d923
In base 13, what is -581 + -11b8?
-1769
In base 2, what is -100100011101000000 + 10110?
-100100011100101010
In base 7, what is -166630 + 1?
-166626
In base 16, what is 19 - -2010?
2029
In base 3, what is 12 + 101200021?
101200110
In base 2, what is 1 - -10001000111100?
10001000111101
In base 12, what is 3 + 10b0?
10b3
In base 13, what is 2 + -a798?
-a796
In base 5, what is -134 + -22344?
-23033
In base 6, what is -103203 - 0?
-103203
In base 15, what is 1ee043 + 0?
1ee043
In base 5, what is 1133 + 11414?
13102
In base 3, what is -11 - -10111001100?
10111001012
In base 2, what is -10000001 - -110100010?
100100001
In base 10, what is -201987 - 9?
-201996
In base 10, what is -4 - -8985?
8981
In base 3, what is 10011 + -1201002?
-1120221
In base 12, what is -2 + -4097?
-4099
In base 11, what is -1 + -49549?
-4954a
In base 14, what is -3 + 120a0b?
120a08
In base 8, what is -172 - -5631?
5437
In base 12, what is -2b6 - 39?
-333
In base 2, what is 100 + 111010000010?
111010000110
In base 12, what is -a5ba - -2?
-a5b8
In base 14, what is 718b + -1a?
7171
In base 2, what is 1010011 + 1011010?
10101101
In base 4, what is 3 + 203121331?
203122000
In base 2, what is 101010000 - -10010001?
111100001
In base 4, what is 11032201 + 1220?
11100021
In base 10, what is -43 - -586?
543
In base 2, what is -10101 - 1110001001?
-1110011110
In base 5, what is -3 - -1411311?
1411303
In base 11, what is -2 - 3121?
-3123
In base 13, what is 3 - 154c9?
-154c6
In base 4, what is 0 + 2123120?
2123120
In base 5, what is -402313 + -41?
-402404
In base 8, what is 50420 - 5?
50413
In base 16, what is -94 - -c3?
2f
In base 5, what is -2 - -20340?
20333
In base 10, what is -41 - 663?
-704
In